e
Does 11 divide 32945?
True
Is 154050 a multiple of 65?
True
Is 8 a factor of 13006?
False
Is 24 a factor of 406512?
True
Is 271 a factor of 5589104?
True
Does 927 divide 3697225?
False
Is 12 a factor of 1077912?
True
Does 17 divide 30447?
True
Is 85 a factor of 2160615?
True
Is 48 a factor of 318288?
True
Does 21 divide 354525?
False
Does 33 divide 484614?
False
Does 80 divide 737920?
True
Is 4 a factor of 62088?
True
Is 70 a factor of 1796?
False
Is 48 a factor of 4416?
True
Is 286 a factor of 253892?
False
Is 13 a factor of 98890?
False
Is 545849 a multiple of 4?
False
Is 1382393 a multiple of 977?
False
Does 14 divide 1505224?
True
Is 486690 a multiple of 12?
False
Is 624870 a multiple of 53?
True
Is 29 a factor of 12073599?
True
Is 15749755 a multiple of 94?
False
Is 2 a factor of 16730?
True
Is 19 a factor of 10602?
True
Does 14 divide 20198?
False
Does 19 divide 575268?
False
Does 1020 divide 3585300?
True
Is 7674846 a multiple of 64?
False
Does 109 divide 7867768?
False
Is 160 a factor of 828960?
True
Does 24 divide 53948?
False
Is 447629 a multiple of 120?
False
Does 265 divide 6499390?
True
Is 1036 even?
True
Does 6 divide 123504?
True
Does 14 divide 218291?
False
Does 32 divide 657512?
False
Is 70 a factor of 466060?
True
Is 1995672 a multiple of 280?
False
Is 287625 a multiple of 177?
True
Does 96 divide 103092?
False
Is 22 a factor of 9782608?
True
Is 15702492 a multiple of 34?
True
Is 2489708 a multiple of 886?
False
Is 1463 a factor of 7574294?
False
Does 430 divide 3650309?
False
Is 111 a factor of 478632?
True
Is 140 a factor of 598360?
True
Is 1906194 a multiple of 1454?
True
Is 30 a factor of 159240?
True
Is 75 a factor of 968250?
True
Does 21 divide 5367271?
False
Is 18 a factor of 5754780?
True
Is 170655 a multiple of 31?
True
Does 20 divide 195700?
True
Is 449 a factor of 334954?
True
Does 221 divide 1568661?
False
Is 2 a factor of 7714?
True
Is 6 a factor of 81700?
False
Is 191592 a multiple of 24?
True
Is 4 a factor of 17977?
False
Is 118422 a multiple of 306?
True
Is 167336 a multiple of 21?
False
Is 41 a factor of 2343396?
True
Is 734112 a multiple of 288?
True
Does 81 divide 75675?
False
Is 137 a factor of 151928?
False
Is 17 a factor of 24378?
True
Is 10 a factor of 1378230?
True
Does 657 divide 590742?
False
Is 56525 a multiple of 17?
True
Is 81 a factor of 3031344?
True
Is 14 a factor of 92520?
False
Does 32 divide 2892416?
True
Is 71219 a multiple of 229?
True
Is 1081314 a multiple of 117?
True
Is 14 a factor of 824740?
True
Does 50 divide 535274?
False
Does 7 divide 381868?
False
Is 136 a factor of 110793?
False
Is 3145564 a multiple of 76?
True
Is 93 a factor of 2971045?
False
Does 2 divide 5862?
True
Is 7 a factor of 2163966?
True
Is 4339376 a multiple of 16?
True
Is 1102189 a multiple of 57?
False
Is 65 a factor of 60059?
False
Is 1289687 a multiple of 21?
False
Does 30 divide 4990590?
True
Is 68 a factor of 885497?
False
Is 1006000 a multiple of 25?
True
Is 1723160 a multiple of 460?
True
Does 156 divide 445536?
True
Does 155 divide 88815?
True
Is 239 a factor of 1071670?
False
Is 1345916 a multiple of 26?
True
Is 164 a factor of 120376?
True
Is 6 a factor of 57446?
False
Is 179423 a multiple of 269?
True
Is 61065 a multiple of 71?
False
Does 1068 divide 9617571?
False
Does 26 divide 72822?
False
Is 290895 a multiple of 165?
True
Is 752998 a multiple of 155?
False
Is 20 a factor of 3353880?
True
Does 262 divide 513520?
True
Is 1702706 a multiple of 10?
False
Is 89048 even?
True
Is 111560 a multiple of 54?
False
Is 78684 a multiple of 316?
True
Is 199341 a multiple of 69?
True
Does 42 divide 1092?
True
Is 246208 a multiple of 24?
False
Does 187 divide 768570?
True
Does 170 divide 2758385?
False
Is 31 a factor of 806845?
False
Is 65450 a multiple of 14?
True
Is 75 a factor of 14893050?
True
Is 11472590 a multiple of 37?
True
Is 2102949 a multiple of 3?
True
Does 31 divide 120924?
False
Is 19 a factor of 2305992?
True
Is 28 a factor of 8402744?
True
Does 202 divide 383909?
False
Is 15552290 a multiple of 8?
False
Is 89 a factor of 41830?
True
Does 8 divide 22549?
False
Does 92 divide 1414500?
True
Is 74 a factor of 316960?
False
Is 526824 a multiple of 12?
True
Is 226 a factor of 1706298?
False
Does 361 divide 876689?
False
Does 505 divide 276740?
True
Is 2836344 a multiple of 30?
False
Is 1209682 a multiple of 36?
False
Does 63 divide 144660?
False
Is 2526964 a multiple of 22?
True
Does 44 divide 3643118?
False
Is 2668430 a multiple of 375?
False
Does 38 divide 138098?
False
Does 5 divide 945?
True
Is 21220 a multiple of 31?
False
Is 2531620 a multiple of 68?
False
Is 175070 a multiple of 35?
True
Is 52 a factor of 8232?
False
Is 827206 a multiple of 165?
False
Is 20 a factor of 104192?
False
Is 143 a factor of 141570?
True
Does 3 divide 33134?
False
Does 47 divide 19449?
False
Is 170322 a multiple of 22?
False
Does 90 divide 12350988?
False
Is 209622 a multiple of 49?
True
Is 446058 a multiple of 13?
False
Is 2217 a factor of 11874317?
False
Does 80 divide 85280?
True
Is 1881886 a multiple of 478?
True
Is 154 a factor of 401016?
True
Does 332 divide 1263924?
True
Is 134 a factor of 37386?
True
Is 1718291 a multiple of 31?
False
Is 15 a factor of 315975?
True
Does 412 divide 118327?
False
Does 91 divide 638183?
True
Is 5 a factor of 117459?
False
Is 771068 a multiple of 4?
True
Is 3313560 a multiple of 120?
True
Is 71359 even?
False
Is 722533 a multiple of 443?
True
Is 933937 a multiple of 379?
False
Is 93 a factor of 596316?
True
Does 7 divide 12185145?
True
Is 14 a factor of 398983?
False
Is 32 a factor of 282116?
False
Is 5371590 a multiple of 35?
True
Is 167124 a multiple of 11?
False
Is 574320 a multiple of 30?
True
Is 3847 a multiple of 2?
False
Does 27 divide 1423170?
True
Is 350 a factor of 146300?
True
Is 110409 a multiple of 247?
True
Is 15 a factor of 6840645?
True
Is 115 a factor of 162172?
False
Does 306 divide 2445256?
False
Does 11 divide 57288?
True
Is 3011470 a multiple of 77?
True
Does 16 divide 236976?
True
Does 13 divide 4960936?
False
Is 19 a factor of 217211?
False
Does 71 divide 15052?
True
Is 228 a factor of 1590756?
True
Does 221 divide 2767362?
True
Is 23 a factor of 3925180?
True
Is 88902 a multiple of 11?
True
Does 15 divide 297029?
False
Does 164 divide 5246524?
True
Is 27 a factor of 30510?
True
Is 231369 a multiple of 17?
False
Is 6 a factor of 2071443?
False
Is 1568474 a multiple of 44?
False
Does 47 divide 705905?
False
Is 86065 a multiple of 5?
True
Is 14 a factor of 193648?
True
Is 216 a factor of 11859264?
True
Is 962582 a multiple of 211?
True
Does 18 divide 11727180?
True
Does 698 divide 20074480?
True
Is 1170892 a multiple of 19?
False
Is 82581 a multiple of 34?
False
Is 14 a factor of 2901582?
False
Is 251 a factor of 1661620?
True
Is 755356 a multiple of 742?
True
Does 24 divide 1125853?
False
Is 3 a factor of 439?
False
Does 27 divide 1465965?
True
Is 63409 even?
False
Does 11 divide 425913?
False
Is 360248 a multiple of 70?
False
Does 112 divide 32692?
False
Does 66 divide 405294?
False
Is 203184 a multiple of 22?
False
Is 1746651 a multiple of 19?
True
Does 20 divide 12919400?
True
Is 142 a factor of 272253?
False
Does 39 divide 67470?
True
Is 29 a factor of 740008?
False
Does 4 divide 89830?
False
Does 16 divide 3927454?
False
Does 37 divide 2750419?
False
Does 83 divide 1582893?
True
Does 55 divide 333443?
False
Does 5 divide 1607?
False
Is 131 a factor of 4192?
True
Is 548126 a multiple of 106?
True
Is 44949 a multiple of 2?
False
Is 669692 a multiple of 141?
False
Does 91 divide 2939937?
True
Does 13 divide 100496?
False
Does 10 divide 9785383?
False
Does 11 divide 285021?
True
Does 5 divide 673872?
False
Does 8 divide 91344?
True
Does 11 divide 263878?
False
Is 3 a factor of 5568837?
True
Is 794466 a multiple of 303?
True
Is 16 a factor of 4857427?
False
Does 69 divide 124366?
False
Is 5 a factor of 152380?
True
Does 185 divide 1154400?
True
Does 32 divide 268192?
True
Is 9 a factor of 931095?
True
Is 107 a factor of 156733?
False
Is 3 a factor of 49374?
True
Is 99811 a multiple of 108?
False
Does 23 divide 235474?
True
Does 83 divide 1026378?
True
Does 551 divide 77140?
True
Is 63 a factor of 217231?
False
Does 328 divide 4434884?
False
Is 1473831 a multi